at is the greatest common factor of h and 9?
3
Suppose 0 = 8*i - 11*i + 9. Suppose -c + 3 = -3*d + 17, -38 = -i*d - 5*c. What is the greatest common factor of d and 42?
6
Let u be (-238)/(-4) - 21/6. Suppose -3*p - 48 = -6*p. Calculate the highest common factor of u and p.
8
Let s = -20 + -30. Let u be s/20*6/(-5). Let y = 6 + 0. What is the highest common factor of y and u?
3
Let m = 15 - 16. Let d be (m - -1) + 6 + -2. Let w be (14/d)/(-7)*-4. What is the greatest common factor of 18 and w?
2
Suppose 5 = 5*x, 2*y = -13*x + 9*x + 730. What is the highest common factor of y and 11?
11
Suppose 8*o - 13*o + 1060 = -d, 3*o - 636 = -3*d. Calculate the greatest common divisor of o and 477.
53
Suppose -d = -0*d - 4. Let q = 388 + -386. Calculate the greatest common divisor of q and d.
2
Let c be 2 - (2 + -2 - 1). Suppose 2*q - 1 + 32 = 3*f, c*q = -2*f - 1. Suppose 2*u - 11 = f. What is the highest common divisor of 27 and u?
9
Suppose 38*z = 39*z + 1. Let l be 7 - (-1 - z) - (-7 - -3). Calculate the greatest common divisor of l and 143.
11
Let v = 706 - -122. Calculate the greatest common factor of 18 and v.
18
Let x be (-9)/45 + 455/25 + -5. Calculate the greatest common divisor of 351 and x.
13
Let j(n) = -n**2 - 30*n - 31. Let v be j(-16). Let w = -105 + v. What is the greatest common divisor of w and 11?
11
Suppose 0 = -22*p + 96 + 168. Calculate the highest common factor of 102 and p.
6
Let g(r) = 14*r + 1. Let z be g(2). Let y = z - -19. Let h(u) = -6*u - 36. Let x be h(-7). Calculate the highest common divisor of y and x.
6
Suppose i = -6 + 20. Let f(r) = 0*r + 2*r - 4 + 2 + r**2 - 3*r. Let b be f(-5). Calculate the greatest common divisor of b and i.
14
Let y = 75 - 65. Let f = y - -23. What is the greatest common divisor of 297 and f?
33
Let n be ((-48)/(-60))/((-4)/(-70)). Suppose 19*r = n*r + 20. Calculate the greatest common factor of r and 44.
4
Suppose -12 = -4*b, s - 4*s = 5*b - 1107. Suppose 0 = -4*y + 104 + s. Calculate the greatest common divisor of y and 26.
13
Let s(c) = 5*c**2 - 9*c + 22. Let u(k) = -11*k**2 + 17*k - 43. Let h(i) = -13*s(i) - 6*u(i). Let q be h(-18). What is the highest common factor of q and 104?
26
Let b be (-4)/(-5) - (723/(-15) + 1). What is the greatest common divisor of 12 and b?
12
Suppose 7 = 3*d + 4*o, -d - 3*d = -4*o. Let a be (-9)/(-1) - (0 + 4). Suppose -3*h + a = -19. What is the greatest common factor of d and h?
1
Suppose -43*b + 44*b - 121 = 0. Suppose -2*q + 7*q = 55. What is the greatest common divisor of b and q?
11
Let j = -28 + 29. Let l be (1 - (2 - 1))/j + 15. Calculate the highest common factor of l and 45.
15
Suppose 0 = 3*v - 432 - 24. Let h be (-135)/(-7) + (-14)/49. Calculate the highest common factor of h and v.
19
Let w(s) = -3*s**3 - 21*s**2 - 14*s - 18. Let x be w(-8). What is the greatest common factor of 234 and x?
26
Let j be 3/((6/(-40))/(15/(-12))). Suppose -j = 3*y - 79. Calculate the highest common factor of 72 and y.
18
Let g(q) = q**3 - 9*q**2 + 18*q + 23. Let w be g(10). What is the highest common divisor of 202 and w?
101
Suppose 42*c - 4*c - 570 = 0. What is the highest common factor of c and 5?
5
Let p be -12*(0 + 1/(-2)). Let n(h) = 4*h + 8. Let q be n(-2). Let y be 7/(-35) + 16/5 + q. What is the greatest common factor of y and p?
3
Let s(w) = w**3 + 9*w**2 - 13*w - 20. Let d be s(-10). Suppose 5*k = d*k - 120. Calculate the greatest common divisor of k and 60.
12
Let g(s) = s**3 + 4*s**2 - 24*s + 12. Let z be g(-7). What is the greatest common divisor of z and 3?
3
Let n(h) = h**2 - 2*h + 3. Let w be n(0). Suppose -41 = -4*a - 3*m, -a - 57 = -4*a + w*m. Calculate the highest common divisor of a and 266.
14
Suppose -4*i + 277 = -2*r - 61, i = 3*r + 77. Let u = -26 + i. What is the highest common factor of u and 30?
30
Let a be (1/(-2))/(3/18). Let v be 22/3 + 3 - (-1)/a. What is the highest common divisor of v and 25?
5
Suppose 2*z - 235 = 13. Suppose -2*t - 108 = -o, -2*o + 104 = -2*t - 0*o. Let m = z + t. What is the highest common factor of m and 170?
34
Let o = 117 - 53. Let v be (21/(-6) - -3)/((-2)/o). Suppose -212 = -3*y + 220. Calculate the greatest common divisor of y and v.
16
Suppose -29 = -2*k - 11. Suppose -300 = -s - k*s. What is the highest common divisor of s and 40?
10
Let z(r) = r**2 - 3*r - 5*r + 5 + 2*r. Let u be z(6). Let p be ((-795)/(-106))/(0 - 3/(-8)). Calculate the greatest common factor of u and p.
5
Suppose -3*h - h = 1152. Let a be 28/(-49) + h/(-14). Let q be 12 - 20/(a/(-4)). What is the greatest common divisor of 8 and q?
8
Let m be -2*9/((-54)/12) + 94. Calculate the greatest common divisor of m and 42.
14
Let h(k) = -2*k**3 - 8*k**2 + 3*k + 41. Let a be h(-5). Calculate the greatest common factor of a and 19.
19
Let n(p) = 11*p**2 + 6*p. Let v be n(-4). Let s be (-9)/(-72) - (-151)/8. What is the greatest common factor of v and s?
19
Suppose 4*g - 17 = -3*w, -2*g + w - 5 = -3*g. Suppose 6*k = g*k + 72. Calculate the highest common divisor of 36 and k.
18
Suppose -187*d = -190*d + 12. Calculate the greatest common factor of 14 and d.
2
Let s be (0 + 0)/(-4) + 0/2. Suppose -r = -s*r - 168. Let d(g) = -5*g + 1. Let t be d(-4). What is the greatest common divisor of r and t?
21
Let y(b) = -b**3 - 8*b**2 + 6*b - 3. Let k be y(-9). Suppose 864 = 9*f - 5*f. What is the highest common factor of k and f?
24
Suppose -2*q = -6*q + 324. Suppose 0 = 4*y + p - 108, 5*y - 3*p = 71 + q. Suppose 5*z - 784 = 616. What is the highest common factor of y and z?
28
Let f(q) = 4*q + 115. Let m be f(-6). What is the greatest common factor of m and 325?
13
Suppose r + 5*s = -r - 6, -3*s = -2*r + 26. Calculate the highest common divisor of r and 189.
7
Let v = -191 + 294. Suppose -4*r = -5*d - 42 - v, -d + 25 = r. Suppose -r = -2*y - 4*z, -3*y + 2*z + 73 = z. What is the highest common factor of 23 and y?
23
Let t = 36 - 17. Let r be 0/(1 + -4) + 2. Suppose o - 21 = -r. What is the greatest common factor of t and o?
19
Let b(p) = p**3 - 14*p**2 + 17*p - 16. Let m be b(13). Suppose 6*r - 54 = m. Calculate the greatest common divisor of 120 and r.
15
Suppose 0 = 4*w - 4*v - 28, -3*v - 3 = 3*w. Let y = -3296 + 3298. Calculate the highest common factor of y and w.
1
Let u be (-3)/(9/(-12)*2). Let x be (-3 + 1)*(-1)/u. Let b be x/((14/32)/7). Calculate the highest common factor of 64 and b.
16
Let i = -34 + 36. Let s be 22/i*(4 - -3). Suppose 0*p + 21 = 3*p. What is the highest common factor of s and p?
7
Suppose -3*t = 4*t - 1120. Suppose 4*a + 4*a = t. Suppose 5*g - 5*n - 22 = 208, 0 = -2*g - 4*n + 116. Calculate the greatest common factor of a and g.
10
Suppose 4*j - 1152 + 27 = 3*d, 0 = -2*j + 2*d + 562. Calculate the highest common factor of 6 and j.
6
Let u = -1 - -1. Suppose -4*p + 3*g = -0*g - 5, u = 3*p - 3*g. Let s be 152/10 + (-1)/p. What is the highest common divisor of 135 and s?
15
Let k = 68 + -61. Suppose 0 = 7*s + k - 49. What is the highest common factor of 18 and s?
6
Let i be (-11)/(-2) + 12/(-8) + 2. Let x be 1 - (-1)/(-5 + i). Calculate the greatest common divisor of x and 1.
1
Suppose -6*u - 5 = -u. Let k be (8 - 4)*-1 - 24/u. What is the greatest common divisor of k and 5?
5
Let r = 20 - 5. Calculate the highest common factor of r and 60.
15
Let q = -551 + 596. What is the greatest common divisor of 30 and q?
15
Suppose 0 = 5*m - 8*m + 15. Suppose m*p = 5*y - 21 - 14, 0 = 2*p - 3*y + 18. Let f be (-81)/(-3) - (p + 2). What is the greatest common factor of 7 and f?
7
Let k be (0 - -2)*(-16 + (-1369)/(-74)). Let s be (-4)/14 - 282/(-7). Calculate the greatest common divisor of k and s.
5
Let l be (-4)/(-24) - 94465/(-210). What is the greatest common factor of l and 250?
50
Suppose -3*d = -697 + 643. What is the highest common factor of 45 and d?
9
Let x = -3594 + 3595. Let f be (-70)/(-6) - (-1)/3. Calculate the highest common divisor of f and x.
1
Suppose 0 = -h + v - 3, -5*h - 4*v + 6 - 3 = 0. Let i = 8 + h. Suppose 2*f - 17 = -i. Calculate the highest common divisor of f and 10.
5
Suppose 76 = 2*n - d + 3*d, 2*n = d + 91. Let c = 75 - n. What is the greatest common divisor of 16 and c?
16
Let n = -27 + -33. Suppose -3*l - 295 = 5*g, 3*l + 2*g + 66 = -214. Let u = n - l. What is the highest common divisor of u and 6?
6
Let g = 5 + 0.